51267.
509, 68863
List the prime factors of 225906492.
2, 3, 7, 433, 6211
List the prime factors of 3496438191.
3, 443, 2630879
What are the prime factors of 8447050176?
2, 3, 43995053
What are the prime factors of 118103322?
2, 3, 191, 257, 401
List the prime factors of 527498023.
13, 29, 1399199
List the prime factors of 160077059.
37, 4326407
What are the prime factors of 907391910?
2, 3, 5, 41, 737717
What are the prime factors of 581807391?
3, 11, 211, 83557
What are the prime factors of 184766869?
7, 41, 73, 8819
List the prime factors of 202553292.
2, 3, 16879441
List the prime factors of 1200158516.
2, 6151, 48779
List the prime factors of 59319633.
3, 61, 324151
What are the prime factors of 1003170098?
2, 7, 197, 363731
What are the prime factors of 3648757584?
2, 3, 76015783
What are the prime factors of 255269015?
5, 397, 128599
List the prime factors of 1481275.
5, 193, 307
List the prime factors of 70660779.
3, 7, 3364799
List the prime factors of 67942866.
2, 3, 59, 191929
What are the prime factors of 94943715?
3, 5, 6329581
List the prime factors of 1857574036.
2, 16703, 27803
List the prime factors of 4297762482.
2, 3, 13, 55099519
List the prime factors of 44482161.
3, 23, 644669
What are the prime factors of 442412609?
4789, 92381
List the prime factors of 28902252.
2, 3, 233, 10337
What are the prime factors of 272698797?
3, 7, 12985657
List the prime factors of 26225051.
257, 102043
List the prime factors of 5228729470.
2, 5, 522872947
What are the prime factors of 25697872?
2, 1606117
What are the prime factors of 22015099?
2647, 8317
List the prime factors of 23876527.
83, 287669
List the prime factors of 224212031.
17, 13188943
List the prime factors of 22125308.
2, 149, 37123
What are the prime factors of 1636326664?
2, 7, 19, 53, 29017
List the prime factors of 1745468018.
2, 7, 124676287
What are the prime factors of 38118921?
3, 19, 73, 9161
List the prime factors of 1718296492.
2, 11, 109, 358277
What are the prime factors of 165249825?
3, 5, 13, 23, 7369
What are the prime factors of 1135130120?
2, 5, 17, 1669309
List the prime factors of 5025273696.
2, 3, 37, 61, 859
List the prime factors of 65585277.
3, 43, 169471
List the prime factors of 16726445.
5, 1429, 2341
List the prime factors of 123634362.
2, 3, 20605727
What are the prime factors of 318043419?
3, 3433, 30881
What are the prime factors of 292307958?
2, 3, 16239331
List the prime factors of 476801060.
2, 5, 181, 131713
What are the prime factors of 16964883?
3, 13, 16111
What are the prime factors of 952609093?
17, 127, 433, 1019
List the prime factors of 2650607595.
3, 5, 1601, 36791
What are the prime factors of 3159264703?
7, 661, 682789
List the prime factors of 232338302.
2, 7, 107, 22157
List the prime factors of 1144629064.
2, 143078633
List the prime factors of 1812895926.
2, 3, 23, 13136927
List the prime factors of 4384080776.
2, 548010097
What are the prime factors of 3567112180?
2, 5, 191, 4889
What are the prime factors of 2974495445?
5, 409, 1454521
List the prime factors of 30745772.
2, 7686443
What are the prime factors of 5671022834?
2, 19, 193, 773251
What are the prime factors of 113635855?
5, 71, 320101
What are the prime factors of 2454648068?
2, 71, 73, 118399
What are the prime factors of 1795417874?
2, 173, 5189069
What are the prime factors of 52457369?
52457369
What are the prime factors of 51317431?
11, 31, 13681
What are the prime factors of 68298624?
2, 3, 101, 587
List the prime factors of 1269808277.
1269808277
What are the prime factors of 184753234?
2, 92376617
List the prime factors of 64858939.
83, 781433
What are the prime factors of 21936779?
23, 953773
What are the prime factors of 77083084?
2, 13, 151, 9817
List the prime factors of 946752086.
2, 7, 61, 1108609
List the prime factors of 21053959.
733, 28723
What are the prime factors of 3327226943?
23, 59, 587, 4177
What are the prime factors of 7463731?
11, 17, 167, 239
List the prime factors of 599514268.
2, 113, 1326359
What are the prime factors of 96084807?
3, 7, 13, 351959
List the prime factors of 6032511261.
3, 7, 41, 467, 1667
List the prime factors of 1960602859.
227, 8637017
List the prime factors of 82455737.
7, 13, 906107
What are the prime factors of 2059843659?
3, 1123, 611411
What are the prime factors of 1326183104?
2, 20721611
What are the prime factors of 564988931?
13, 17, 150383
List the prime factors of 3466201751.
149, 313, 74323
List the prime factors of 78904304.
2, 859, 5741
What are the prime factors of 246609194?
2, 13, 729613
What are the prime factors of 567399311?
567399311
List the prime factors of 5123589.
3, 1707863
List the prime factors of 106352459.
17, 43, 73, 1993
List the prime factors of 70846335.
3, 5, 7, 224909
What are the prime factors of 1026928936?
2, 11, 593, 1789
What are the prime factors of 36750890?
2, 5, 11, 334099
What are the prime factors of 246553462?
2, 19, 6488249
What are the prime factors of 33155835?
3, 5, 2210389
What are the prime factors of 6305618998?
2, 7, 79, 814469
List the prime factors of 739923932.
2, 11, 16816453
List the prime factors of 10791734.
2, 19, 14947
List the prime factors of 975774054.
2, 3, 12653, 12853
List the prime factors of 2166430699.
109, 241, 82471
What are the prime factors of 826485236?
2, 13831, 14939
List the prime factors of 98319082.
2, 127, 387083
What are the prime factors of 2554584371?
19, 977, 7243
List the prime factors of 114666944.
2, 7, 311, 823
List the prime factors of 433125463.
19, 22796077
List the prime factors of 26422606.
2, 7, 97, 19457
List the prime factors of 9272831.
9272831
What are the prime factors of 749118862?
2, 374559431
List the prime factors of 40032564.
2, 3, 11, 13, 41, 569
List the prime factors of 289554314.
2, 7, 23, 899237
What are the prime factors of 17551763?
19, 577, 1601
List the prime factors of 1239429390.
2, 3, 5, 41314313
List the prime factors of 1295485546.
2, 863, 750571
List the prime factors of 1614089902.
2, 15139, 53309
List the prime factors of 227676123.
3, 73, 115513
What are the prime factors of 3144294766?
2, 1572147383
List the prime factors of 302278352.
2, 18892397
List the prime factors of 23828844.
2, 3, 13, 103, 1483
List the prime factors of 1412738894.
2, 7, 61, 236323
List the prime factors of 55313846.
2, 7, 29, 19463
What are the prime factors of 248104035?
3, 5, 17, 324319
What are the prime factors of 503595658?
2, 17, 2371, 6247
List the prime factors of 2095176531.
3, 7, 19, 127, 173, 239
List the prime factors of 6234174713.
13, 479551901
List the prime factors of 5111380919.
23, 222233953
List the prime factors of 2233594312.
2, 279199289
List the prime factors of 14643848.
2, 1830481
What are the prime factors of 70658113?
70658113
List the prime factors of 508076339.
107, 4748377
What are the prime factors of 501329287?
431, 1163177
List the prime factors of 971670169.
31, 1553, 20183
What are the prime factors of 616403816?
2, 7, 17, 29, 83, 269
What are the prime factors of 2795183974?
2, 11, 19, 23, 26431
List the prime factors of 1406346952.
2, 175793369
List the prime factors of 56650866.
2, 3, 43, 219577
List the prime factors of 23542080.
2, 3, 5, 137, 179
What are the prime factors of 903026626?
2, 451513313
List the prime factors of 1229559632.
2, 7, 29, 378559
What are the prime factors of 511651399?
7, 19, 23, 167261
List the prime factors of 203248211.
29, 7008559
What are the prime factors of 1642236150?
2, 3, 5, 887, 12343
What are the prime factors of 930690644?
2, 13, 661, 27077
List the prime factors of 47173169.
29, 313, 5197
What are the prime factors of 911765422?
2, 11317, 40283
List the prime factors of 3694550756.
2, 13, 71049053
List the prime factors of 1177488839.
3533, 333283
What are the prime factors of 311856180?
2, 3, 5, 5197603
What are the prime factors of 85359380?
2, 5, 17, 251057
List the prime factors of 331086617.
7481, 44257
What are the prime factors of 13892335?
5, 2778467
What are the prime factors of 1594635783?
3, 13, 40888097
What are the prime factors of 2265092065?
5, 10657, 42509
List the prime factors of 1077186397.
7, 153883771
What are the prime factors of 4732160?
2, 5, 3697
List the prime factors of 4970259677.
73, 151, 450899
What 